ctors of 86224288?
2, 43, 223, 281
List the prime factors of 1736920744.
2, 13, 277, 60293
List the prime factors of 606156562.
2, 11, 27552571
List the prime factors of 1339671259.
1339671259
List the prime factors of 4999327154.
2, 2499663577
List the prime factors of 1330886146.
2, 16901, 39373
What are the prime factors of 561299702?
2, 31, 113, 709
List the prime factors of 787584735.
3, 5, 7, 107, 7789
What are the prime factors of 4028422925?
5, 161136917
List the prime factors of 348869801.
7, 17, 541, 5419
List the prime factors of 104967918.
2, 3, 11, 103, 5147
List the prime factors of 472341048.
2, 3, 31, 83, 7649
What are the prime factors of 7645249?
97, 269, 293
List the prime factors of 152909057.
7, 445799
List the prime factors of 312032444.
2, 23, 3391657
List the prime factors of 18339142.
2, 19, 23, 20983
List the prime factors of 1487149094.
2, 743574547
List the prime factors of 102360806.
2, 61, 197, 4259
What are the prime factors of 878529949?
11, 79866359
What are the prime factors of 1611139218?
2, 3, 13, 67, 308293
What are the prime factors of 51228501?
3, 839, 20353
What are the prime factors of 3041617325?
5, 1907, 63799
List the prime factors of 80279424.
2, 3, 29, 89
List the prime factors of 1729564484.
2, 432391121
List the prime factors of 1859097264.
2, 3, 37, 103, 10163
What are the prime factors of 822719860?
2, 5, 43, 409, 2339
List the prime factors of 370186516.
2, 7, 13220947
List the prime factors of 2064997241.
709, 991, 2939
List the prime factors of 62608000.
2, 5, 7, 13, 43
List the prime factors of 1621239491.
1117, 1451423
List the prime factors of 2824885802.
2, 193, 467, 15671
List the prime factors of 179476345.
5, 1567, 22907
What are the prime factors of 1844109002?
2, 922054501
List the prime factors of 254870376.
2, 3, 10619599
What are the prime factors of 43828072?
2, 5478509
List the prime factors of 674337705.
3, 5, 44955847
What are the prime factors of 4478407249?
739, 6060091
List the prime factors of 4956260750.
2, 5, 7, 17, 166597
What are the prime factors of 341157224?
2, 17, 83, 30223
What are the prime factors of 96622016?
2, 17, 88807
List the prime factors of 1061430764.
2, 265357691
What are the prime factors of 1272440935?
5, 254488187
List the prime factors of 1830825155.
5, 366165031
What are the prime factors of 129579730?
2, 5, 7, 1851139
What are the prime factors of 573703997?
573703997
List the prime factors of 972074991.
3, 107, 3028271
List the prime factors of 49067391.
3, 29, 89, 6337
List the prime factors of 124086923.
124086923
List the prime factors of 1119546268.
2, 673, 415879
What are the prime factors of 9314468?
2, 2328617
What are the prime factors of 7040680?
2, 5, 176017
List the prime factors of 596276240.
2, 5, 7, 19, 56041
What are the prime factors of 3363221184?
2, 3, 23, 33113
List the prime factors of 47506032.
2, 3, 7, 47129
List the prime factors of 42908023.
19, 29, 43, 1811
List the prime factors of 2230418233.
1999, 1115767
What are the prime factors of 3865574375?
5, 13, 475763
List the prime factors of 114016331.
11, 13, 17, 46901
List the prime factors of 163545128.
2, 20443141
List the prime factors of 63422498.
2, 2591, 12239
What are the prime factors of 2372423121?
3, 2131, 41233
List the prime factors of 27702261.
3, 367, 8387
List the prime factors of 205861336.
2, 61, 421847
What are the prime factors of 201606990?
2, 3, 5, 13, 139, 3719
What are the prime factors of 121590208?
2, 1899847
List the prime factors of 283537621.
73, 139, 27943
List the prime factors of 12201183.
3, 53, 25579
What are the prime factors of 39662379?
3, 489659
List the prime factors of 51176896.
2, 509, 1571
What are the prime factors of 76569988?
2, 11, 433, 4019
List the prime factors of 60560500.
2, 5, 7, 11, 13
List the prime factors of 116114864.
2, 7257179
What are the prime factors of 167253506?
2, 7, 167, 71537
List the prime factors of 2838017569.
73, 532561
List the prime factors of 38720420.
2, 5, 1936021
List the prime factors of 3683164605.
3, 5, 245544307
List the prime factors of 4630878327.
3, 79, 19539571
What are the prime factors of 114925719?
3, 431, 88883
What are the prime factors of 151249895?
5, 37, 817567
List the prime factors of 107895827.
13, 8299679
What are the prime factors of 16162374?
2, 3, 2693729
List the prime factors of 957411128.
2, 119676391
List the prime factors of 90070524.
2, 3, 2501959
What are the prime factors of 166911431?
859, 194309
What are the prime factors of 118255577?
11, 10750507
List the prime factors of 2165302746.
2, 3, 40098199
List the prime factors of 386434732.
2, 96608683
List the prime factors of 729455904.
2, 3, 19, 109, 1223
What are the prime factors of 4187655888?
2, 3, 13, 251, 26737
What are the prime factors of 26051330?
2, 5, 37, 181, 389
List the prime factors of 2618618670.
2, 3, 5, 31, 938573
List the prime factors of 91233399.
3, 30411133
List the prime factors of 432648785.
5, 86529757
What are the prime factors of 4465202541?
3, 17, 59, 947, 1567
List the prime factors of 31583357.
13, 2429489
List the prime factors of 4702380802.
2, 7, 2333, 143971
What are the prime factors of 504655948?
2, 17, 1787, 4153
List the prime factors of 459906098.
2, 109, 401, 5261
List the prime factors of 44057542.
2, 19, 43, 59, 457
List the prime factors of 132100934.
2, 7, 41, 373, 617
What are the prime factors of 3821480157?
3, 11, 139, 457, 1823
List the prime factors of 7076521635.
3, 5, 471768109
List the prime factors of 2798983629.
3, 13, 2383, 10039
List the prime factors of 2195764063.
2447, 897329
What are the prime factors of 94135208?
2, 53, 59, 71
What are the prime factors of 2467064052?
2, 3, 2207, 31051
List the prime factors of 313494698.
2, 11, 29, 491371
List the prime factors of 14187986.
2, 107, 167, 397
What are the prime factors of 55164065?
5, 11, 17, 41, 1439
What are the prime factors of 696294865?
5, 7, 19894139
List the prime factors of 1422159351.
3, 197, 1447, 1663
What are the prime factors of 369375389?
18503, 19963
List the prime factors of 60274595.
5, 12054919
List the prime factors of 114340109.
13, 8795393
List the prime factors of 173088911.
173088911
What are the prime factors of 2246676799?
181, 1307, 9497
List the prime factors of 485080685.
5, 97016137
What are the prime factors of 60016019?
7, 8573717
List the prime factors of 184787031.
3, 11, 13, 430739
List the prime factors of 384819620.
2, 5, 19240981
List the prime factors of 1332008734.
2, 7, 83, 1146307
List the prime factors of 248025578.
2, 37, 71, 47207
What are the prime factors of 35578161?
3, 17, 127, 1831
List the prime factors of 100099496.
2, 7, 23, 31, 109
List the prime factors of 4976989413.
3, 11, 8599, 17539
List the prime factors of 674445367.
41, 1913, 8599
What are the prime factors of 436907786?
2, 7, 17, 317, 5791
What are the prime factors of 1530203506?
2, 13, 5231, 11251
List the prime factors of 81538819.
81538819
What are the prime factors of 471775864?
2, 7, 8424569
What are the prime factors of 36736874?
2, 18368437
List the prime factors of 46187045.
5, 17, 157, 3461
List the prime factors of 1783562945.
5, 23, 2221, 6983
What are the prime factors of 22647987?
3, 181, 13903
What are the prime factors of 61651377?
3, 6850153
List the prime factors of 2135103919.
13, 467, 2081
List the prime factors of 1719908144.
2, 601, 178859
What are the prime factors of 247920684?
2, 3, 11, 1878187
What are the prime factors of 45255806?
2, 22627903
List the prime factors of 2035831884.
2, 3, 47, 73, 197, 251
List the prime factors of 2246207561.
13, 821, 16189
What are the prime factors of 22348835?
5, 4469767
What are the prime factors of 129417533?
7, 3691, 5009
List the prime factors of 3688473166.
2, 7, 263462369
What are the prime factors of 42292440?
2, 3, 5, 29, 4051
List the prime factors of 740866771.
67, 11057713
What are the prime factors of 117950638?
2, 13, 4536563
List the prime factors of 122718062.
2, 1861, 32971
What are the prime factors of 2063284810?
2, 5, 206328481
What are the prime factors of 39179962?
2, 19589981
What are the prime factors of 1747393830?
2, 3, 5, 7, 13, 71119
What are the prime factors of 17943077?
769, 23333
What are the prime 